{"id":600,"date":"2017-10-28T14:33:21","date_gmt":"2017-10-28T07:33:21","guid":{"rendered":"https:\/\/modest-copper-lynx.50-6-231-22.cpanel.site\/?page_id=600"},"modified":"2017-12-05T22:27:17","modified_gmt":"2017-12-05T15:27:17","slug":"inlays-onlays","status":"publish","type":"page","link":"https:\/\/nhakhoathienbao.com\/?page_id=600","title":{"rendered":"Inlays &#038; Onlays"},"content":{"rendered":"<h3>\n\t\tInlays &#038; Onlays<br \/>\n\t<\/h3>\n<p>Khi c\u00e1c r\u0103ng b\u1ecb s\u00e2u, v\u1ee1 l\u1edbn v\u00e0 m\u00f4 r\u0103ng c\u00f2n nhi\u1ec1u, ta c\u00f3 th\u1ec3 ch\u1ecdn ph\u01b0\u01a1ng ph\u00e1p tr\u00e1m r\u0103ng b\u1eb1ng c\u00e1c v\u1eadt li\u1ec7u th\u01b0\u1eddng d\u00f9ng v\u1edbi chi ph\u00ed r\u1ebb nh\u1ea5t nh\u01b0ng mi\u1ebfng tr\u00e1m kh\u00f4ng b\u1ec1n v\u00e0 d\u1ec5 v\u1ee1, s\u00fat, ho\u1eb7c g\u00e2y nh\u00e9t th\u1ee9c \u0103n \u1edf k\u1ebb r\u0103ng v\u00ec r\u1ea5t kh\u00f3 th\u1ef1c hi\u1ec7n \u1edf tr\u00e1m m\u1eb7t b\u00ean ho\u00e0n h\u1ea3o.Thay v\u00ec l\u00e0m m\u00e3o ch\u1ee5p l\u00ean r\u0103ng n\u00e0y, nha s\u0129 s\u1ebd l\u00e0m m\u1ed9t Inlay (m\u1ed9t ph\u1ea7n m\u1eb7t r\u0103ng) ho\u1eb7c onlay bao ph\u1ee7 \u00edt nh\u1ea5t to\u00e0n b\u1ed9 m\u1ed9t m\u1eb7t r\u0103ng<\/p>\n<h3>K\u1ef9 thu\u1eadt<\/h3>\n<p>Vi\u1ec7c s\u1eeda so\u1ea1n r\u0103ng l\u00e0m Inlay &#8211; onlay g\u1ea7n gi\u1ed1ng vi\u1ec7c t\u1ea1o m\u1ed9t xoang tr\u00e1m th\u00f4ng th\u01b0\u1eddng, ngh\u0129a l\u00e0 d\u00f9ng m\u0169i khoan l\u1ea5y s\u1ea1ch m\u00f4 r\u0103ng b\u1ecb m\u1ee5c n\u00e1t ho\u1eb7c qu\u00e1 m\u1ecfng. Sau \u0111\u00f3 nha s\u0129 l\u1ea5y d\u1ea5u r\u0103ng v\u00e0 k\u1ef9 thu\u1eadt vi\u00ean s\u1ebd th\u1ef1c hi\u1ec7n mi\u1ebfng inlay &#8211; onlay v\u1eeba kh\u00edt xoang r\u0103ng \u0111\u00e3 chu\u1ea9n b\u1ecb. Sau c\u00f9ng, mi\u1ebfng Inlay &#8211; onlay s\u1ebd \u0111\u01b0\u1ee3c g\u1eafn ch\u1eb7c v\u00e0o xoang r\u0103ng b\u1eb1ng m\u1ed9t lo\u1ea1i xi-m\u0103ng \u0111\u1eb7c bi\u1ec7t<\/p>\n<p>\t\t\t\t<img loading=\"lazy\" decoding=\"async\" src=\"https:\/\/nhakhoathienbao.com\/wp-content\/uploads\/2017\/10\/Nha-Khoa-Thien-Bao-Inlay-Onlay-and-Dental-Crown-03.png\" alt=\"Nha-Khoa-Thien-Bao-Inlay-Onlay-and-Dental-Crown-03\" itemprop=\"image\" height=\"300\" width=\"750\"  \/><br \/>\n\t\t\t\t<a href=\"https:\/\/nhakhoathienbao.com\/wp-content\/uploads\/2017\/10\/Nha-Khoa-Thien-Bao-Inlay-Onlay-and-Dental-Crown-01.png\" target=\"_self\"itemprop=\"url\"><br \/>\n\t\t\t\t<img loading=\"lazy\" decoding=\"async\" src=\"https:\/\/nhakhoathienbao.com\/wp-content\/uploads\/2017\/10\/Nha-Khoa-Thien-Bao-Inlay-Onlay-and-Dental-Crown-01.png\" alt=\"Nha-Khoa-Thien-Bao-Inlay-Onlay-and-Dental-Crown-01\" itemprop=\"image\" height=\"193\" width=\"575\"  \/><br \/>\n\t\t\t\t<\/a><\/p>\n<h3>\u01afu \u0111i\u1ec3m<\/h3>\n<p>Inlay\/ onlay cho \u0111\u1ed9 b\u1ec1n v\u00e0 d\u00ednh ch\u1eafc cao do ph\u00f9 h\u1ee3p v\u1edbi c\u00e1c xoang s\u00e2u b\u1ecb v\u1ee1 l\u1edbn m\u00e0 kh\u00f4ng c\u1ea7n b\u1ecdc m\u00e3o. Do \u0111\u00f3, ph\u01b0\u01a1ng ph\u00e1p inlay\/ onlay kinh t\u1ebf h\u01a1n. V\u00e0 n\u1ebfu l\u00e0m s\u1ee9 th\u00ec t\u00ednh th\u1ea9m m\u1ef9 cao h\u01a1n.<\/p>\n<h3>Nh\u01b0\u1ee3c \u0111i\u1ec3m:<\/h3>\n<p>\u0110\u00f3 l\u00e0 chi ph\u00ed cao h\u01a1n m\u1ed9t mi\u1ebfng tr\u00e1m th\u00f4ng th\u01b0\u1eddng.<\/p>\n<h3>C\u00e1ch ch\u0103m s\u00f3c \u0111\u1ec3 duy tr\u00ec inlay\/ onlay:<\/h3>\n<p>N\u00f3i chung c\u1ea7n v\u1ec7 sinh r\u0103ng mi\u1ec7ng k\u1ef9 l\u01b0\u1ee1ng \u0111\u1ec3 c\u00e1c r\u0103ng \u0111\u00e3 th\u1ef1c hi\u1ec7n inlay\/ onlay tr\u00e1nh \u0111\u01b0\u1ee3c nguy c\u01a1 s\u00e2u r\u0103ng t\u00e1i ph\u00e1t quanh vi\u1ec1n xoang tr\u00e1m, d\u1eabn \u0111\u1ebfn s\u00fat inlay\/ onlay. N\u1ebfu l\u00e0m b\u1eb1ng s\u1ee9, c\u1ea7n tr\u00e1nh \u0103n nhai \u0111\u1ed3 c\u1ee9ng n\u1ebfu kh\u00f4ng s\u1ebd l\u00e0m g\u00e3y v\u1ee1 s\u1ee9. N\u00ean t\u00e1i kh\u00e1m \u0111\u1ecbnh k\u1ef3 \u0111\u1ec3 ch\u1ec9nh s\u1eeda s\u1edbm.<\/p>\n<h3>Ch\u1ea5t li\u1ec7u l\u00e0m Inlays &amp; Onlays<\/h3>\n<h4>C\u00f3 nhi\u1ec1u v\u1eadt li\u1ec7u d\u00f9ng cho Inlay v\u00e0 Onlay:<\/h4>\n<ul>\n<li>Kim lo\u1ea1i\/ h\u1ee3p kim (c\u1ee9ng ch\u1eafc, kh\u00f4ng m\u00f2n, nh\u01b0ng c\u00f3 m\u00e0u c\u1ee7a kim lo\u1ea1i th\u01b0\u1eddng d\u00f9ng cho c\u00e1c r\u0103ng h\u00e0m kh\u00f4ng c\u1ea7n y\u1ebfu t\u1ed1 th\u1ea9m m\u1ef9 cao). C\u00e1c kim lo\u1ea1i g\u1ed3m: Cr-Ni (non-Beryllium), Titanium t\u1eeb 4 &#8211; 6%, V\u00e0ng, Qu\u00fd kim (72% &#8211; 86% v\u00e0ng), B\u00e1n qu\u00fd (m\u00e0u tr\u1eafng, 2% &#8211; 54% v\u00e0ng)<\/li>\n<li>V\u1eadt li\u1ec7u th\u1ea9m m\u1ef9 cho m\u00e0u s\u1eafc g\u1ea7n gi\u1ed1ng r\u0103ng th\u1eadt , tuy nhi\u00ean c\u00f3 th\u1ec3 d\u1ec5 v\u1ee1 n\u1ebfu l\u1ef1c nhai qu\u00e1 t\u1ea3i. M\u1ed9t s\u1ed1 lo\u1ea1i v\u1eadt li\u1ec7u th\u1ea9m m\u1ef9 nh\u01b0: to\u00e0n s\u1ee9 Empress \u2013 Cergo \u2013 Cercon Zirconia, S\u1ee9-kim lo\u1ea1i (s\u01b0\u1eddn kim lo\u1ea1i b\u00ean tr\u00ean ph\u1ee7 s\u1ee9), nh\u1ef1a composite.<\/li>\n<\/ul>\n<p>\t\t\t\t<img loading=\"lazy\" decoding=\"async\" src=\"https:\/\/nhakhoathienbao.com\/wp-content\/uploads\/2017\/10\/Nha-Khoa-Thien-Bao-Inlay-Onlay-and-Dental-Crown-05.jpg\" alt=\"Nha-Khoa-Thien-Bao-Inlay-Onlay-and-Dental-Crown-05\" itemprop=\"image\" height=\"176\" width=\"341\"  \/><br \/>\n\t\t\t\t<img loading=\"lazy\" decoding=\"async\" src=\"https:\/\/nhakhoathienbao.com\/wp-content\/uploads\/2017\/10\/Nha-Khoa-Thien-Bao-Inlay-Onlay-and-Dental-Crown-04.jpg\" alt=\"Nha-Khoa-Thien-Bao-Inlay-Onlay-and-Dental-Crown-04\" itemprop=\"image\" height=\"214\" width=\"212\"  \/><br \/>\n\t\t\t\t<img loading=\"lazy\" decoding=\"async\" src=\"https:\/\/nhakhoathienbao.com\/wp-content\/uploads\/2017\/10\/Nha-Khoa-Thien-Bao-Inlay-Onlay-and-Dental-Crown-02.png\" alt=\"Nha-Khoa-Thien-Bao-Inlay-Onlay-and-Dental-Crown-02\" itemprop=\"image\" height=\"280\" width=\"535\"  \/><br \/>\n\t\t\t\t<a href=\"\/nha-khoa-tong-quat\/nha-khoa-nhi-dong\/\" target=\"_self\"itemprop=\"url\"><br \/>\n\t\t\t\t<img loading=\"lazy\" decoding=\"async\" src=\"https:\/\/nhakhoathienbao.com\/wp-content\/uploads\/2017\/10\/Nha-Khoa-Thien-Bao-Dental-Clinic-Dental-For-Kids-04-1-300x289.png\" alt=\"Nha-Khoa-Thien-Bao-Dental-Clinic-Dental-For-Kids-04-1\" itemprop=\"image\" height=\"289\" width=\"300\"  \/><br \/>\n\t\t\t\t<\/a><\/p>\n<h3>\n\t\t<a href=\"\/nha-khoa-tong-quat\/nha-khoa-nhi-dong\/\" title=\"Nha Khoa Nhi \u0110\u1ed3ng\" target=\"_self\"><br \/>\n\t\tNha Khoa Nhi \u0110\u1ed3ng<br \/>\n\t\t<\/a><br \/>\n\t<\/h3>\n<p>\t\t\t\t<a href=\"\/nha-khoa-tham-my\/chinh-nha\/\" target=\"_self\"itemprop=\"url\"><br \/>\n\t\t\t\t<img loading=\"lazy\" decoding=\"async\" src=\"https:\/\/nhakhoathienbao.com\/wp-content\/uploads\/2017\/11\/Nha-Khoa-Thien-Bao-Clinic-Picture-Stream-08-300x289.png\" alt=\"Nha-Khoa-Thien-Bao-Clinic-Picture-Stream-08\" itemprop=\"image\" height=\"289\" width=\"300\"  \/><br \/>\n\t\t\t\t<\/a><\/p>\n<h3>\n\t\t<a href=\"\/nha-khoa-tham-my\/chinh-nha\/\" title=\"Ch\u1ec9nh Nha\" target=\"_self\"><br \/>\n\t\tCh\u1ec9nh Nha<br \/>\n\t\t<\/a><br \/>\n\t<\/h3>\n<p>\t\t\t\t<a href=\"\/nha-khoa-tham-my\/mat-dan-su-veneer\/\" target=\"_self\"itemprop=\"url\"><br \/>\n\t\t\t\t<img loading=\"lazy\" decoding=\"async\" src=\"https:\/\/nhakhoathienbao.com\/wp-content\/uploads\/2017\/11\/Nha-Khoa-Thien-Bao-Clinic-Picture-Stream-06-300x289.png\" alt=\"Nha-Khoa-Thien-Bao-Clinic-Picture-Stream-06\" itemprop=\"image\" height=\"289\" width=\"300\"  \/><br \/>\n\t\t\t\t<\/a><\/p>\n<h3>\n\t\t<a href=\"\/nha-khoa-tham-my\/mat-dan-su-veneer\/\" title=\"M\u1eb7t d\u00e1n s\u1ee9 Veneer\" target=\"_self\"><br \/>\n\t\tM\u1eb7t d\u00e1n s\u1ee9 Veneer<br \/>\n\t\t<\/a><br \/>\n\t<\/h3>\n<p>\t\t\t\t<a href=\"\/nha-khoa-tong-quat\/phau-thuat-rang-mieng\/\" target=\"_self\"itemprop=\"url\"><br \/>\n\t\t\t\t<img loading=\"lazy\" decoding=\"async\" src=\"https:\/\/nhakhoathienbao.com\/wp-content\/uploads\/2017\/11\/Nha-Khoa-Thien-Bao-Clinic-Picture-Stream-04-300x289.png\" alt=\"Nha-Khoa-Thien-Bao-Clinic-Picture-Stream-04\" itemprop=\"image\" height=\"289\" width=\"300\"  \/><br \/>\n\t\t\t\t<\/a><\/p>\n<h3>\n\t\t<a href=\"\/nha-khoa-tong-quat\/phau-thuat-rang-mieng\/\" title=\"Ph\u1eabu Thu\u1eadt R\u0103ng MI\u1ec7ng\" target=\"_self\"><br \/>\n\t\tPh\u1eabu Thu\u1eadt R\u0103ng MI\u1ec7ng<br \/>\n\t\t<\/a><br \/>\n\t<\/h3>\n<p><\/p>","protected":false},"excerpt":{"rendered":"<p>Inlays &#038; Onlays Khi c\u00e1c r\u0103ng b\u1ecb s\u00e2u, v\u1ee1 l\u1edbn v\u00e0 m\u00f4 r\u0103ng c\u00f2n nhi\u1ec1u, ta c\u00f3 th\u1ec3 ch\u1ecdn ph\u01b0\u01a1ng ph\u00e1p tr\u00e1m [&hellip;]<\/p>\n","protected":false},"author":2,"featured_media":0,"parent":489,"menu_order":0,"comment_status":"closed","ping_status":"closed","template":"page-templates\/page_fullwidth.php","meta":{"footnotes":""},"class_list":["post-600","page","type-page","status-publish","hentry"],"_links":{"self":[{"href":"https:\/\/nhakhoathienbao.com\/index.php?rest_route=\/wp\/v2\/pages\/600","targetHints":{"allow":["GET"]}}],"collection":[{"href":"https:\/\/nhakhoathienbao.com\/index.php?rest_route=\/wp\/v2\/pages"}],"about":[{"href":"https:\/\/nhakhoathienbao.com\/index.php?rest_route=\/wp\/v2\/types\/page"}],"author":[{"embeddable":true,"href":"https:\/\/nhakhoathienbao.com\/index.php?rest_route=\/wp\/v2\/users\/2"}],"replies":[{"embeddable":true,"href":"https:\/\/nhakhoathienbao.com\/index.php?rest_route=%2Fwp%2Fv2%2Fcomments&post=600"}],"version-history":[{"count":0,"href":"https:\/\/nhakhoathienbao.com\/index.php?rest_route=\/wp\/v2\/pages\/600\/revisions"}],"up":[{"embeddable":true,"href":"https:\/\/nhakhoathienbao.com\/index.php?rest_route=\/wp\/v2\/pages\/489"}],"wp:attachment":[{"href":"https:\/\/nhakhoathienbao.com\/index.php?rest_route=%2Fwp%2Fv2%2Fmedia&parent=600"}],"curies":[{"name":"wp","href":"https:\/\/api.w.org\/{rel}","templated":true}]}}